visor of 737 and 4489?
67
Calculate the highest common divisor of 532 and 140.
28
What is the greatest common factor of 198 and 8316?
198
Calculate the greatest common factor of 5 and 245.
5
What is the highest common factor of 267 and 2848?
89
Calculate the highest common factor of 104 and 247.
13
What is the highest common divisor of 160 and 288?
32
Calculate the greatest common divisor of 880 and 286.
22
Calculate the highest common divisor of 2140 and 20.
20
Calculate the greatest common factor of 567 and 7.
7
Calculate the highest common divisor of 11656 and 248.
248
What is the greatest common factor of 21 and 48?
3
What is the highest common factor of 1125 and 45?
45
Calculate the greatest common factor of 55 and 12815.
55
What is the greatest common factor of 600 and 60?
60
What is the greatest common divisor of 75 and 4325?
25
Calculate the highest common factor of 7061 and 23.
23
What is the highest common factor of 54 and 621?
27
Calculate the highest common factor of 112 and 176.
16
Calculate the highest common divisor of 224 and 952.
56
What is the greatest common factor of 2 and 206?
2
Calculate the greatest common divisor of 8 and 5288.
8
Calculate the greatest common divisor of 17656 and 8.
8
What is the greatest common divisor of 21 and 175?
7
What is the greatest common factor of 2 and 908?
2
Calculate the greatest common divisor of 8125 and 13.
13
Calculate the highest common factor of 1441 and 187.
11
What is the greatest common factor of 95 and 15?
5
What is the greatest common factor of 54 and 459?
27
Calculate the greatest common divisor of 50 and 30.
10
Calculate the highest common divisor of 16828 and 21.
7
What is the highest common factor of 40 and 2110?
10
What is the greatest common factor of 6 and 3795?
3
Calculate the greatest common factor of 46916 and 148.
148
What is the greatest common factor of 957 and 33?
33
What is the highest common factor of 1199 and 109?
109
What is the highest common factor of 140 and 23380?
140
Calculate the highest common factor of 143 and 559.
13
What is the highest common divisor of 40 and 272?
8
What is the highest common factor of 4264 and 312?
104
What is the greatest common factor of 207 and 92?
23
What is the highest common divisor of 12 and 52104?
12
Calculate the greatest common divisor of 147 and 1617.
147
What is the greatest common divisor of 62 and 589?
31
What is the highest common factor of 57 and 34257?
57
Calculate the highest common divisor of 616 and 1694.
154
What is the greatest common divisor of 3180 and 60?
60
Calculate the highest common divisor of 748 and 44.
44
What is the greatest common divisor of 1552 and 970?
194
What is the highest common factor of 98 and 882?
98
Calculate the highest common divisor of 793 and 244.
61
Calculate the highest common factor of 12 and 60.
12
Calculate the greatest common factor of 207 and 225.
9
Calculate the greatest common divisor of 216 and 81.
27
Calculate the greatest common divisor of 229 and 8.
1
What is the greatest common factor of 105 and 131145?
105
What is the highest common factor of 35 and 4585?
35
Calculate the highest common factor of 1970 and 90.
10
What is the highest common factor of 42064 and 32?
16
What is the greatest common factor of 72 and 2556?
36
What is the greatest common divisor of 156 and 12?
12
Calculate the highest common divisor of 75 and 630.
15
What is the highest common factor of 13815 and 90?
45
What is the greatest common divisor of 16269 and 204?
51
Calculate the greatest common factor of 198 and 162.
18
What is the highest common factor of 30 and 820?
10
What is the highest common divisor of 31 and 1?
1
What is the highest common divisor of 84 and 798?
42
What is the greatest common divisor of 459 and 34?
17
What is the greatest common factor of 69 and 69?
69
Calculate the greatest common factor of 105 and 15.
15
What is the highest common divisor of 100 and 1250?
50
Calculate the highest common divisor of 4328 and 24.
8
What is the highest common factor of 121 and 7403?
11
Calculate the highest common divisor of 28 and 301.
7
Calculate the greatest common factor of 793 and 488.
61
Calculate the highest common factor of 100 and 1675.
25
What is the greatest common factor of 23900 and 100?
100
What is the highest common divisor of 20 and 395?
5
What is the greatest common divisor of 112 and 7588?
28
What is the highest common factor of 160 and 60?
20
What is the greatest common divisor of 168 and 56?
56
Calculate the greatest common divisor of 90 and 225.
45
What is the highest common factor of 88 and 1397?
11
Calculate the greatest common divisor of 35805 and 55.
55
Calculate the highest common factor of 2634 and 6.
6
Calculate the highest common divisor of 12 and 540.
12
Calculate the highest common divisor of 58 and 58.
58
Calculate the highest common factor of 2599 and 339.
113
What is the greatest common divisor of 685 and 5?
5
What is the greatest common divisor of 142 and 355?
71
Calculate the highest common divisor of 10 and 235.
5
What is the highest common divisor of 4489 and 134?
67
Calculate the greatest common divisor of 32 and 988.
4
Calculate the highest common factor of 6246 and 6.
6
What is the highest common factor of 10 and 52?
2
Calculate the highest common factor of 82 and 7298.
82
What is the greatest common factor of 24 and 3576?
24
What is the highest common factor of 111 and 6?
3
What is the highest common factor of 68 and 1241?
17
Calculate the greatest common divisor of 496 and 31.
31
What is the greatest common factor of 231 and 77?
77
What is the greatest common divisor of 1024 and 64?
64
What is the highest common factor of 8739 and 27?
9
Calculate the highest common factor of 56 and 24.
8
What is the greatest common factor of 4 and 2804?
4
What is the greatest common factor of 341 and 77?
11
What is the greatest common divisor of 279 and 62?
31
Calculate the greatest common divisor of 4400 and 175.
25
Calculate the highest common divisor of 3096 and 396.
36
What is the highest common divisor of 35226 and 1026?
342
What is the highest common divisor of 623 and 2403?
89
What is the highest common factor of 29 and 551?
29
Calculate the highest common divisor of 1251 and 369.
9
Calculate the greatest common divisor of 253 and 207.
23
What is the highest common divisor of 72 and 189?
9
What is the highest common factor of 1232 and 440?
88
What is the greatest common divisor of 160 and 224?
32
Calculate the greatest common divisor of 14 and 1561.
7
Calculate the greatest common factor of 246 and 168.
6
Calculate the greatest common divisor of 24 and 30.
6
What is the highest common factor of 30 and 465?
15
Calculate the greatest common factor of 4 and 24.
4
Calculate the greatest common divisor of 51 and 630.
3
What is the greatest common factor of 159 and 848?
53
Calculate the greatest common factor of 25 and 125.
25
Calculate the greatest common divisor of 59 and 1357.
59
Calculate the highest common factor of 126 and 1757.
7
What is the highest common divisor of 99 and 144?
9
Calculate the greatest common divisor of 12 and 248.
4
What is the highest common divisor of 92 and 2047?
23
Calculate the highest common factor of 741 and 627.
57
What is the greatest common factor of 171 and 3705?
57
Calculate the highest common divisor of 1125 and 9.
9
What is the highest common divisor of 8531 and 38?
19
Calculate the highest common divisor of 10 and 86.
2
Calculate the highest common factor of 339 and 21.
3
Calculate the highest common factor of 63 and 72.
9
Calculate the highest common factor of 1089 and 9207.
99
Calculate the highest common factor of 258 and 903.
129
Calculate the highest common factor of 943 and 41.
41
What is the greatest common factor of 3745 and 5?
5
Calculate the greatest common divisor of 14 and 658.
14
Calculate the highest common divisor of 6 and 3189.
3
Calculate the greatest common divisor of 6 and 34.
2
Calculate the greatest common factor of 90 and 13446.
18
Calculate the highest common factor of 2282 and 652.
326
What is the greatest common factor of 340 and 374?
34
What is the greatest common factor of 323 and 19?
19
Calculate the highest common divisor of 40 and 460.
20
What is the highest common divisor of 704 and 128?
64
Calc